172 = -5*f - 4*d. List the prime factors of 4/f - (-466)/18.
2, 13
Suppose -4*y = -4*w + 4888, 7*y + 4 = 6*y. What are the prime factors of w?
2, 3, 7, 29
Let l = 2029 + -721. What are the prime factors of l?
2, 3, 109
What are the prime factors of ((-6468)/(-4) - 3)/(6/3)?
3, 269
Suppose 4*q = 22 + 134. Let y be (-2 - q) + (2 - 6). Let f = -19 - y. What are the prime factors of f?
2, 13
List the prime factors of 12*(-1 + 5 - 4485/(-20)).
3, 11, 83
Let r = -11 + 0. List the prime factors of (r - -8) + 9*5.
2, 3, 7
Suppose 777 = 8*x - 631. What are the prime factors of x?
2, 11
Let d(p) = 5*p + 65. Let c be d(-13). Suppose 6*i - 16*i + 1010 = c. What are the prime factors of i?
101
Let w be 86 - (-3 + (-3)/(-1)). Suppose u + 39 = 2*y + y, 4*u + 2*y + w = 0. List the prime factors of (-12)/u - (-54)/4.
2, 7
Suppose 5*a = -4*f + 907, 0 = 4*f - 5 - 7. List the prime factors of a.
179
Let b(w) = -298*w - 27. List the prime factors of b(-5).
7, 11, 19
Let y = 1359 - 544. List the prime factors of y.
5, 163
What are the prime factors of (22/(-7))/((-26)/3458)?
2, 11, 19
Let f(j) = j. Suppose -2 - 2 = -2*y. Let b be f(y). List the prime factors of ((-1)/b)/((-3)/42).
7
Let g(m) = 42*m**2 + 2*m. Suppose 14 = -4*c + 6. What are the prime factors of g(c)?
2, 41
Let u(j) = j + 3. Let v be u(0). Let h = -14 + 16. Suppose h*g = 6, v*w + g = 6*g. What are the prime factors of w?
5
Suppose -21 = 5*r - 1. Let z = 9 + r. Suppose 3*g - 73 = z. List the prime factors of g.
2, 13
Let q be (-35)/20 - (-9)/12. List the prime factors of 304 + q + -6 + 2.
13, 23
Let l be (-13)/(-3) + (-6)/(-9). Suppose 3*t - 3 = f, 0*f = f - 5*t + l. Let k(p) = -p + 21. What are the prime factors of k(f)?
3, 7
Let g(u) = -4*u**2 - 28*u - 9. Let b(c) = -3*c**2 - 19*c - 6. Let l(s) = 7*b(s) - 5*g(s). What are the prime factors of l(7)?
3
Suppose 7 = 13*c - 12*c. Suppose c*t = 148 + 265. What are the prime factors of t?
59
Let r(j) = -j**3 - 14*j**2 - 8*j - 17. Suppose 3*q + q = -56. List the prime factors of r(q).
5, 19
Let c = 161 - -114. List the prime factors of c.
5, 11
Suppose -14*j + 23*j = 27846. List the prime factors of j.
2, 7, 13, 17
Let u(c) = 20*c + 7 - 1 - 38 - 21. List the prime factors of u(11).
167
Let a(q) = -83*q**3 + 2*q**2 - 2. List the prime factors of a(-2).
2, 5, 67
Let n be 242/(-34) - -2*(-4)/(-68). Suppose -10 = 3*r + 50. Let p = n - r. What are the prime factors of p?
13
Suppose r = 9*r. Suppose 5*i - 326 = -3*o, 0 = -r*i + 3*i - 5*o - 182. List the prime factors of i.
2
Let b(y) = y**2 + 6*y - 11. Let v = 31 - 48. Let x be b(v). Suppose 89 = 5*u - x. List the prime factors of u.
53
Suppose 4*v - 6 = v, 4577 = h + v. List the prime factors of h.
3, 5, 61
Let y(a) = -a**3 - a**2 - 5*a + 11. What are the prime factors of y(-5)?
2, 17
Let c(z) be the first derivative of -23*z**2/2 - 6*z - 8. Let q(y) = 46*y + 13. Let g(v) = 13*c(v) + 6*q(v). What are the prime factors of g(-1)?
23
Let k be 235/3 + 3/(-9). Suppose 1 = -2*i + 17. Suppose -2*y + k = -2*l, -5*l + i*l - 191 = -4*y. What are the prime factors of y?
2, 11
Let k(d) = -20*d**3 - d**2 - 6*d. Let r be k(-3). Suppose z + 4*x = -z + 370, -3*z = 3*x - r. List the prime factors of z.
181
Suppose -4*x + 4*y = -696, -4*x + 5*y + 692 = -0*y. List the prime factors of x.
2, 89
Suppose -3*f + 2*f + 18 = 0. Let l = 28 - f. What are the prime factors of l?
2, 5
Suppose u = 4*u - 3, 5*d - 740 = 5*u. List the prime factors of d.
149
Let g = -20 + 29. What are the prime factors of (3/g)/((-5)/(-1305))?
3, 29
Let b(c) = -c**3 - c**2 + 2*c. Let l be b(-2). Suppose -2*f + 2*g - 26 = -102, l = -2*f + 4*g + 74. List the prime factors of f.
3, 13
Let y be 80/14 + (-18)/(-63). Suppose 3*m - y*m + 27 = 3*b, m - 15 = -2*b. List the prime factors of b.
2, 3
Let c = -180 + 314. Let r(y) = -y**2 - 6*y + 4. Let v be r(-6). Suppose 0 = v*j - 46 - c. What are the prime factors of j?
3, 5
Suppose 0 = 5*g + 5*u - 820, 0 = -3*g - 5*u + u + 494. List the prime factors of g.
2, 3
Suppose b + 8 = 5*b + c, 5*c + 29 = 3*b. Suppose 0 = b*g - 138 - 36. List the prime factors of g.
2, 29
Let r be 0/(-1 - 2 - -2). Suppose 2*g + 6 = r, -3*g = y - 6*g - 50. What are the prime factors of y?
41
Suppose 59*j - 43177 = -11258. What are the prime factors of j?
541
Let l = 938 - 574. Suppose -19*t - l = -26*t. List the prime factors of t.
2, 13
Let m(g) = 7*g**3 - 4*g**2 - 8*g + 70. List the prime factors of m(6).
2, 5, 139
What are the prime factors of (-2 - 16)/((-3)/3)?
2, 3
Suppose 2*m + 5*u - 560 = 0, 5*m - 1462 = -2*u + 5*u. What are the prime factors of 1/3*((-3 - -4) + m)?
97
Suppose 56*o - 61*o + 690 = 4*f, -f + 165 = 5*o. What are the prime factors of f?
5, 7
Suppose 6 = n + 5, 5*n - 325 = -4*p. What are the prime factors of p?
2, 5
Let c be (-58)/(-8) - (-8)/(-32). Let k = c - -8. Let x = -10 + k. List the prime factors of x.
5
Let t(k) = 11*k**2 + 25*k - 112. What are the prime factors of t(12)?
2, 443
What are the prime factors of (199 + (10 - 20))*15?
3, 5, 7
Let k be 3/(-6) + 775/(-10). Let r = 215 + k. What are the prime factors of r?
137
Let j = 178 - 537. Let x = -168 - j. List the prime factors of x.
191
Suppose -35*v + 2 = -33*v. What are the prime factors of 5/((-5)/(-264)) - (v - -1)?
2, 131
Suppose 5*d = 3*o - 772, -d - 518 = -2*o + 4*d. What are the prime factors of o?
2, 127
Let y = 90 + 135. List the prime factors of y/5 + 0 - -4.
7
Let b(k) = 26*k**3 - 10*k - 18 - 17*k**3 - 15*k**3. What are the prime factors of b(-3)?
2, 3, 29
Let d(n) = 213*n - 26. Let j(a) = 320*a - 39. Let u(m) = 8*d(m) - 5*j(m). List the prime factors of u(2).
3, 5, 13
Let u be (12/9)/((-2)/48). Let c = u - -64. Let g = 58 - c. List the prime factors of g.
2, 13
Let p = 1439 + -1036. List the prime factors of p.
13, 31
Let f = -298 + 547. What are the prime factors of f?
3, 83
List the prime factors of (-3)/((-27)/34875) - -4.
3, 431
Let y(l) = 5*l**3 - 11*l**2 + 10*l - 14. List the prime factors of y(6).
2, 5, 73
Suppose 5*u = q + 17 - 5, 3 = -2*u + 3*q. Suppose 0 = -2*o - 0*b - u*b + 117, o - 51 = -4*b. List the prime factors of o.
3, 7
Let j be -3 - 2/(1 - -1). Suppose 308 = -i + 306. What are the prime factors of (i/j)/((-5)/(-120))?
2, 3
Let a = -201 - 51. Let v = -147 - a. Suppose 7*b + v = 2*c + 2*b, 0 = -4*c + 3*b + 189. What are the prime factors of c?
3, 5
Suppose 7*z - 3*z = -24. Let l be z/(24/(-20)) + 4. List the prime factors of (31 - l) + 1/1.
23
Let w = -995 - -1467. List the prime factors of w.
2, 59
Suppose 0 = -15*y + 4751 + 739. What are the prime factors of y?
2, 3, 61
Let h(w) = -2*w**2 + w + 2. Let p be h(-3). Let t = p - -19. What are the prime factors of 4 + (0 - (t - 43))?
47
Let f = 13 + 13. Let n = 36 - f. What are the prime factors of n?
2, 5
Let d = -8 + 68. Suppose -44 = 4*x - d. Suppose -3*o + 82 = -o + 5*b, x*o - 220 = 4*b. What are the prime factors of o?
3, 17
Suppose -144 = -3*p - 4*q + 116, -2*p + 4*q + 140 = 0. Suppose 5*w - w - p = 0. What are the prime factors of ((-54)/(-45))/(6/w)?
2
Suppose 0 = 4*s + 11 + 5. Let c(l) be the third derivative of -l**4/6 + 7*l**3/6 + 23*l**2. List the prime factors of c(s).
23
Let h = 2558 - -516. What are the prime factors of h?
2, 29, 53
Let i = 43 - 31. Suppose 0 = 9*b - i*b. Suppose -31 = -v - b*v. What are the prime factors of v?
31
Suppose -3100 - 1240 = -4*r. What are the prime factors of (r/(-10))/(-7)*(-2 + 4)?
31
What are the prime factors of -1 - -915 - (-60 + 65)?
3, 101
Suppose 39*q - 40*q + 1964 = -4*n, 0 = q + 2*n - 1940. What are the prime factors of q?
2, 487
Let p(j) = -j**2 + 8*j + 14. Let t be p(10). Let y(x) = -29 - 5*x - 36 + 48. List the prime factors of y(t).
13
Let j(a) = -a**3 - 11*a**2 + 9*a - 16. Let c be j(-12). Let d = 32 - c. List the prime factors of d.
2, 3
Suppose 5*u - 98 = 47. Suppose 4*y - u = x, -5*y + 47 = -y + 5*x. Suppose 80 = 3*o - 5*m, y*o - 144 = 3*o + 3*m. List the prime factors of o.
2, 3, 5
What are the prime factors of ((-42)/5)/((-6)/555)?
3, 7, 37
List the prime factors of -5*218/(3 - 5).
5, 109
Suppose 4*j = v + 7*j - 1058, -5*v = -3*j - 5362. What are the prime factors of v?
2, 5, 107
Suppose 0 = 3*w - 5*i - 362 - 988, 3*w - 1350 = 2*i. List the prime factors of w.
2, 3, 5
List the prime factors of 24*3*(-261)/(-36).
2, 3, 29
L